
False
Is 284711803 prime?
True
Is 71502727 a prime number?
False
Is 3419509 a prime number?
True
Is 641612941 prime?
True
Is 1176641 composite?
False
Is 8416081 composite?
False
Is 1965571 prime?
True
Is 2821057 prime?
True
Is 31735373 a composite number?
True
Is 10528237 a prime number?
True
Is 217788589 prime?
True
Is 207061 a prime number?
True
Is 22034627 prime?
False
Is 15907751 composite?
False
Is 16129471 composite?
False
Is 4155421 composite?
True
Is 59208519 a composite number?
True
Is 106739849 a composite number?
True
Is 43144169 a composite number?
True
Is 18674627 composite?
False
Is 2097883 a prime number?
True
Is 16583569 a composite number?
False
Is 76758859 a prime number?
False
Is 99825349 a prime number?
False
Is 2478257 a prime number?
True
Is 2259935 prime?
False
Is 11636081 composite?
True
Is 64050827 a composite number?
False
Is 10420289 prime?
False
Is 333246989 prime?
True
Is 55521671 composite?
True
Is 867093 prime?
False
Is 8417 prime?
False
Is 4519778 prime?
False
Is 1723451 composite?
False
Is 2021099 a composite number?
False
Is 11102447 prime?
False
Is 66815009 prime?
True
Is 88647139 composite?
True
Is 12210343 a composite number?
False
Is 16512329 a prime number?
False
Is 76175537 prime?
True
Is 14221819 a composite number?
False
Is 58003871 prime?
False
Is 4382801 composite?
False
Is 912167 a composite number?
False
Is 1264969 a composite number?
False
Is 21266603 composite?
False
Is 14809403 prime?
False
Is 6850234 a prime number?
False
Is 43489657 composite?
False
Is 9099833 composite?
True
Is 2402095 composite?
True
Is 61156781 prime?
False
Is 70524689 a composite number?
False
Is 1984429 a composite number?
False
Is 1541343 prime?
False
Is 5626469 composite?
True
Is 1645871 a composite number?
True
Is 346586829 a prime number?
False
Is 25356029 prime?
True
Is 13035689 a prime number?
True
Is 3251205535 a prime number?
False
Is 14337821 prime?
False
Is 855989 a prime number?
True
Is 158947211 prime?
True
Is 545028283 composite?
False
Is 151705199 composite?
False
Is 2591651 a composite number?
True
Is 53032033 a composite number?
True
Is 13302433 a composite number?
True
Is 13481309 a composite number?
False
Is 17022853 composite?
False
Is 2154797 prime?
False
Is 28339513 a prime number?
True
Is 552091 prime?
True
Is 434521 a composite number?
False
Is 28631717 a composite number?
False
Is 2224037 prime?
True
Is 183448151 a composite number?
False
Is 10049279 a composite number?
False
Is 7700663 a composite number?
True
Is 6233417 a prime number?
False
Is 128929001 a composite number?
False
Is 15349979 a composite number?
True
Is 10744957 a prime number?
False
Is 232635149 composite?
False
Is 2246017 composite?
False
Is 553663 a prime number?
False
Is 324713353 prime?
False
Is 22590046 a prime number?
False
Is 21027365 a composite number?
True
Is 676523 prime?
True
Is 23819183 prime?
True
Is 62633591 a composite number?
True
Is 6429685 prime?
False
Is 192185239 a composite number?
True
Is 9876851 a prime number?
True
Is 512601241 a composite number?
False
Is 306747587 a composite number?
True
Is 5818117 composite?
False
Is 195938623 a prime number?
True
Is 2497163 a composite number?
False
Is 5595559 composite?
False
Is 126793763 a prime number?
False
Is 25926587 a composite number?
True
Is 4368277 a composite number?
False
Is 298579493 a composite number?
False
Is 1257937 composite?
True
Is 2864599 composite?
False
Is 1070581667 composite?
True
Is 8165126 prime?
False
Is 1376539 prime?
True
Is 9806327 composite?
False
Is 25391 composite?
False
Is 5475831 a composite number?
True
Is 47505853 a composite number?
True
Is 1512547 composite?
False
Is 20849371 a prime number?
False
Is 219661917 a prime number?
False
Is 139816897 composite?
True
Is 2281901 a composite number?
True
Is 210057 prime?
False
Is 6717629 prime?
True
Is 287171 a prime number?
False
Is 5549771 composite?
False
Is 146966 prime?
False
Is 76113929 a prime number?
True
Is 2012759 composite?
True
Is 98473993 composite?
False
Is 21822257 prime?
False
Is 2666581 a composite number?
False
Is 9322913 prime?
False
Is 1779983 a prime number?
True
Is 13420063 a prime number?
False
Is 52849 a prime number?
False
Is 5352139 composite?
True
Is 24776537 a composite number?
True
Is 2549717 prime?
False
Is 43893383 prime?
True
Is 82832719 a prime number?
True
Is 4458169 prime?
True
Is 342212513 a composite number?
True
Is 152998853 composite?
True
Is 4422773 a prime number?
True
Is 1013191 prime?
False
Is 42513677 composite?
False
Is 1377240613 a composite number?
True
Is 6804731 a composite number?
True
Is 20999711 a prime number?
True
Is 68882633 prime?
False
Is 6257263 composite?
True
Is 134608909 prime?
True
Is 30069893 composite?
True
Is 24747487 composite?
True
Is 2657999 prime?
True
Is 20243121 prime?
False
Is 20455889 prime?
False
Is 3417607 prime?
True
Is 906631 a prime number?
False
Is 320725019 a prime number?
True
Is 2658115 prime?
False
Is 623210891 prime?
True
Is 3128921 a prime number?
True
Is 2250977 prime?
True
Is 34416731 a composite number?
False
Is 168393727 composite?
False
Is 40415483 prime?
False
Is 8603579 prime?
True
Is 2602217 composite?
False
Is 2909373 prime?
False
Is 110061089 composite?
False
Is 769438 a prime number?
False
Is 2648587 a prime number?
False
Is 208385017 composite?
False
Is 4535033 a prime number?
False
Is 36625381 a prime number?
False
Is 31832609 composite?
False
Is 21821383 a prime number?
True
Is 113275447 a composite number?
False
Is 29304203 composite?
False
Is 86041273 composite?
True
Is 6530581 a composite number?
False
Is 12826189 prime?
False
Is 1516582151 composite?
True
Is 1593299 prime?
True
Is 151230133 a composite number?
False
Is 5945437 a prime number?
False
Is 1091049 prime?
False
Is 6558631 a composite number?
True
Is 27515089 a prime number?
False
Is 32938527 a prime number?
False
Is 11663018 prime?
False
Is 2499577 a composite number?
False
Is 47104111 prime?
True
Is 51047941 composite?
True
Is 2725019 prime?
False
Is 509684351 prime?
False
Is 49537283 a composite number?
False
Is 354847153 prime?
False
Is 31039991 prime?
True
Is 5410201 composite?
False
Is 21470623 a prime number?
True
Is 1058269 a composite number?
True
Is 87094387 prime?
True
Is 442339793 composite?
True
Is 19299979 composite?
False
Is 421467373 prime?
True
Is 144242437 composite?
True
Is 92657 a composite number?
False
Is 491129 a prime number?
True
Is 561675703 a prime number?
False
Is 77491303 a prime number?
True
Is 81193919 a prime number?
True
Is 4527869 composite?
False
Is 20537 a prime number?
False
Is 2573149 a composite number?
False
Is 1719761 prime?
False
Is 401226193 composite?
False
Is 38522579 prime?
False
Is 16792795 prime?
False
Is 4355551 prime?
True
Is 773140141 a composite number?
False
Is 39380629 composite?
False
Is 12755867 a composite number?
True
Is 1861219 composite?
False
Is 25470827 composite?
False
Is 68106839 composite?
True
Is 87035555 composite?
True
Is 527491 a prime number?
False
Is 41469591 prime?
False
Is 516099055 a composite number?
True
Is 154813793 composite?
False
Is 7003433 a prime number?
False
Is 14329087 prime?
True
Is 481343 prime?
True
Is 42121643 prime?
True
Is 341399207 a composite number?
True
Is 286721 composite?
False
Is 184225031 prime?
True
Is 13735441 composite?
False
Is 2691317 a prime number?
True
Is 458951 a composite number?
True
Is 16607837 prime?
False
Is 9554009 a prime number?
True
Is 1362385 prime?
False
Is 3093801 a composite number?
True
Is 15672101 a composite number?
True
Is 46470659 composite?
True
Is 3068699 prime?
True
Is 6428693 composite?
False
Is 3117991 prime?
True
Is 1852909 prime?
True
Is 28843753 prime?
True
Is 13039283 a composite number?
False
Is 1086169 a composite number?
True
Is 292181 composite?
False
Is 936269 prime?
False
Is 3151129 prime?
True
Is 381685703 composite?
True
Is 2841283 prime?
True
Is 325411 a prime number?
True
Is 10521923 a prime number?
False
Is 662819 a composite number?
False
Is 5015473 prime?
False
Is 6466627 composite?
False
Is 16189883 a prime number?
True
Is 28063877 composite?
True
Is 726068741 prime?
False
Is 23617677 a prime number?
False
Is 185270077 prime?
True
Is 20913329 prime?
True
Is 1493771 prime?
T